se
Is 12 a factor of 571093452?
True
Is 118179270 a multiple of 260?
False
Is 901 a factor of 26168727?
False
Is 127208816 a multiple of 1157?
False
Is 17 a factor of 20549719?
True
Is 114109398 a multiple of 39?
True
Is 127427385 a multiple of 15?
True
Is 1853 a factor of 61087?
False
Does 45 divide 16793141?
False
Is 1275 a factor of 95913058?
False
Is 32 a factor of 51187356?
False
Is 13490475 a multiple of 475?
True
Does 1851 divide 659357955?
False
Is 3461 a factor of 34900296?
False
Is 91343519 a multiple of 9?
False
Is 161047841 a multiple of 68?
False
Does 3092 divide 312763289?
False
Is 33 a factor of 3535135699?
False
Is 7 a factor of 37351475?
True
Is 525449132 a multiple of 284?
True
Is 529310908 a multiple of 244?
True
Does 17 divide 1392394979?
True
Is 9929204 a multiple of 123?
False
Is 30674508 a multiple of 2108?
False
Is 95 a factor of 137924086?
False
Does 44 divide 179597281?
False
Is 4011 a factor of 126330456?
True
Does 5 divide 117534206?
False
Is 14603655 a multiple of 67?
True
Is 759 a factor of 59513949?
True
Does 2 divide 1026006848?
True
Is 312 a factor of 39162042?
False
Is 555 a factor of 25779195?
True
Does 34 divide 16354452?
False
Does 156 divide 1388065380?
True
Does 8 divide 32614544?
True
Is 13 a factor of 656988085?
True
Is 72959463 a multiple of 997?
True
Does 313 divide 26969958?
True
Does 166 divide 2317452748?
False
Is 202 a factor of 267085374?
False
Is 30 a factor of 11241582?
False
Is 38 a factor of 34934763?
False
Does 389 divide 45184735?
False
Does 980 divide 53964453?
False
Is 252 a factor of 25372620?
True
Is 758 a factor of 119504006?
True
Is 644 a factor of 426154120?
True
Is 37049954 a multiple of 2?
True
Is 2578078 a multiple of 15?
False
Is 123757148 a multiple of 452?
True
Is 46848564 a multiple of 3348?
True
Does 2402 divide 85823288?
False
Is 14 a factor of 39574015?
False
Does 44 divide 243408?
True
Is 888 a factor of 1551774672?
True
Is 60717813 a multiple of 395?
False
Does 14 divide 1527203?
False
Is 249 a factor of 263638461?
True
Is 76996213 a multiple of 3?
False
Does 1250 divide 724450605?
False
Does 30 divide 484707990?
True
Is 2850703 a multiple of 756?
False
Does 435 divide 1002447495?
True
Does 139 divide 31114201?
False
Is 11604618 a multiple of 9?
True
Is 303 a factor of 689690263?
False
Is 4021363295 a multiple of 17?
False
Is 7125602 a multiple of 20?
False
Is 5128407 a multiple of 7?
False
Is 35 a factor of 110623380?
True
Is 38707200 a multiple of 420?
True
Does 22 divide 1503513836?
True
Is 1083057765 a multiple of 69?
False
Is 10709 a factor of 1597172624?
False
Is 4612 a factor of 900874814?
False
Does 6 divide 28135705?
False
Is 3306570 a multiple of 285?
True
Does 61 divide 981436198?
True
Does 3919 divide 2310017673?
False
Is 27467284 a multiple of 112?
False
Does 13 divide 9893840?
False
Is 1330902478 a multiple of 1457?
True
Does 20 divide 753463575?
False
Does 64 divide 335985984?
True
Is 557 a factor of 179442563?
True
Does 258 divide 18819975?
False
Is 3 a factor of 6445875?
True
Is 503 a factor of 1508017614?
False
Is 39 a factor of 163118303?
False
Is 69 a factor of 99600051?
True
Does 25 divide 1410943943?
False
Is 4430998 a multiple of 350?
False
Is 29687529 a multiple of 25?
False
Is 742639536 a multiple of 4626?
True
Is 401364656 a multiple of 22?
True
Does 470 divide 78453673?
False
Is 130 a factor of 68914233?
False
Is 16076034 a multiple of 414?
True
Is 8 a factor of 1083640?
True
Is 21386727 a multiple of 22?
False
Is 508793624 a multiple of 12?
False
Is 15197160 a multiple of 319?
True
Is 4774951109 a multiple of 978?
False
Does 36 divide 275431358?
False
Is 266 a factor of 29607478?
False
Is 324 a factor of 576469872?
True
Is 41 a factor of 13326733?
False
Is 941 a factor of 4529974?
True
Does 69 divide 113852027?
False
Does 21 divide 15862691?
False
Is 24506238 a multiple of 9?
False
Does 1907 divide 44505566?
True
Is 3820 a factor of 219665280?
True
Does 74 divide 13428114?
True
Does 280 divide 25476832?
False
Does 63 divide 1442378574?
True
Is 127 a factor of 23681861?
False
Is 1182 a factor of 79618338?
True
Does 21 divide 17961665?
False
Is 216 a factor of 215675784?
True
Is 1729 a factor of 515969909?
True
Does 299 divide 339776325?
False
Does 78 divide 167993904?
True
Is 3296 a factor of 18909152?
True
Is 13444912 a multiple of 752?
False
Is 131 a factor of 156533081?
False
Is 4328 a factor of 14572622?
False
Does 783 divide 1092560616?
True
Does 80 divide 157996000?
True
Is 9729270 a multiple of 81?
False
Does 220 divide 2449286?
False
Is 407 a factor of 182483278?
False
Is 15994375 a multiple of 9?
False
Does 2715 divide 18326250?
True
Does 99 divide 95142959?
False
Is 2173430824 a multiple of 5250?
False
Is 73814510 a multiple of 2618?
True
Does 408 divide 6013670281?
False
Does 1383 divide 3723631?
False
Is 499172456 a multiple of 746?
False
Is 369217373 a multiple of 119?
True
Does 9 divide 2513253?
False
Is 184979710 a multiple of 9?
False
Is 15 a factor of 54190173?
False
Is 146302773 a multiple of 3324?
False
Is 33366594 a multiple of 315?
False
Does 66 divide 78616362?
True
Is 482867690 a multiple of 5?
True
Is 183349107 a multiple of 29?
True
Is 4025443176 a multiple of 3063?
False
Is 432706586 a multiple of 71?
False
Is 400202501 a multiple of 36?
False
Is 175310960 a multiple of 146?
True
Does 5 divide 85561445?
True
Is 2859 a factor of 602282658?
True
Is 15 a factor of 54900015?
True
Is 40 a factor of 637639583?
False
Is 372009512 a multiple of 736?
False
Does 442 divide 5505110?
True
Is 250 a factor of 11299250?
True
Does 686 divide 35330372?
True
Is 175437429 a multiple of 359?
False
Is 550 a factor of 14224402?
False
Is 43 a factor of 915201981?
True
Is 37847196 a multiple of 15?
False
Does 3629 divide 565423603?
True
Is 75 a factor of 14365561?
False
Does 977 divide 4127691537?
False
Is 24 a factor of 1463207134?
False
Does 116 divide 2138079?
False
Is 993108950 a multiple of 1150?
True
Is 38 a factor of 93324010?
True
Does 13 divide 15771367?
False
Is 31973701 a multiple of 829?
True
Is 327 a factor of 16459218?
True
Does 36 divide 5812958?
False
Is 863 a factor of 18357736?
True
Is 496369542 a multiple of 7?
False
Is 103 a factor of 1233742359?
False
Does 469 divide 37293004?
True
Does 1756 divide 680906327?
False
Is 447 a factor of 2146219098?
False
Is 154 a factor of 5821508?
True
Is 541088200 a multiple of 25?
True
Does 443 divide 9341098?
True
Is 488 a factor of 76907336?
True
Is 3345 a factor of 155114340?
True
Is 10523535 a multiple of 3?
True
Is 564710517 a multiple of 292?
False
Is 4232 a factor of 348850202?
False
Does 352 divide 5615104?
True
Does 52 divide 51352392?
True
Is 11753 a factor of 7391867733?
False
Does 137 divide 147091283?
True
Is 159359420 a multiple of 42?
False
Is 51 a factor of 122448399?
True
Is 574056204 a multiple of 12?
True
Is 263608128 a multiple of 148?
True
Is 72147494 a multiple of 66?
False
Is 273 a factor of 174755581?
False
Is 1093 a factor of 1649187259?
True
Does 142 divide 57424232?
True
Is 184 a factor of 118631659?
False
Is 146051975 a multiple of 38?
False
Is 88 a factor of 652441451?
False
Is 83 a factor of 35995128?
False
Does 871 divide 15918396?
True
Does 98 divide 1230880?
True
Is 11416186 a multiple of 30?
False
Is 1361 a factor of 46468997?
False
Is 4156343278 a multiple of 29?
True
Is 10 a factor of 32682170?
True
Does 1174 divide 102733869?
False
Is 432 a factor of 330311209?
False
Does 28 divide 6072302?
False
Is 4365371872 a multiple of 1186?
True
Does 32 divide 54272561?
False
Is 174560501 a multiple of 10?
False
Does 141 divide 74418672?
True
Does 3 divide 28879191?
True
Is 417 a factor of 111942816?
True
Is 782 a factor of 352174482?
True
Is 350848295 a multiple of 119?
True
Is 2017918210 a multiple of 70?
True
Is 4477286 a multiple of 28?
False
Does 121 divide 2897183?
False
Is 1404 a factor of 96836688?
True
Is 15 a factor of 143482665?
True
Is 10 a factor of 1549303529?
False
Is 902 a factor of 58140213?
False
Is 1993 a factor of 28354411?
True
Is 34800512 a multiple of 128?
True
Is 2468034 a multiple of 6?
True
Is 32765574 a multiple of 217?
False
Does 18 divide 56430342?
True
Does 7 divide 2932973?
False
Is 464 a factor of 301630624?
True
Does 3630 divi